t is the remainder when 2568 is divided by 628?
56
Calculate the remainder when 276 is divided by 16.
4
What is the remainder when 87 is divided by 4?
3
What is the remainder when 358 is divided by 78?
46
Calculate the remainder when 342 is divided by 7.
6
What is the remainder when 161 is divided by 54?
53
Calculate the remainder when 247 is divided by 62.
61
What is the remainder when 361 is divided by 34?
21
What is the remainder when 146 is divided by 52?
42
Calculate the remainder when 316 is divided by 116.
84
What is the remainder when 154 is divided by 23?
16
Calculate the remainder when 1829 is divided by 593.
50
Calculate the remainder when 154 is divided by 74.
6
Calculate the remainder when 525 is divided by 88.
85
What is the remainder when 74 is divided by 28?
18
What is the remainder when 239 is divided by 8?
7
Calculate the remainder when 1615 is divided by 275.
240
Calculate the remainder when 399 is divided by 16.
15
Calculate the remainder when 414 is divided by 140.
134
Calculate the remainder when 188 is divided by 48.
44
Calculate the remainder when 395 is divided by 196.
3
What is the remainder when 217 is divided by 41?
12
Calculate the remainder when 4077 is divided by 20.
17
Calculate the remainder when 1299 is divided by 94.
77
Calculate the remainder when 118 is divided by 33.
19
What is the remainder when 165 is divided by 42?
39
Calculate the remainder when 76 is divided by 13.
11
What is the remainder when 1105 is divided by 21?
13
Calculate the remainder when 6197 is divided by 13.
9
What is the remainder when 3238 is divided by 90?
88
What is the remainder when 1424 is divided by 28?
24
Calculate the remainder when 89 is divided by 66.
23
What is the remainder when 120 is divided by 18?
12
What is the remainder when 369 is divided by 28?
5
What is the remainder when 95 is divided by 34?
27
Calculate the remainder when 775 is divided by 530.
245
What is the remainder when 755 is divided by 733?
22
Calculate the remainder when 550 is divided by 30.
10
Calculate the remainder when 215 is divided by 111.
104
Calculate the remainder when 3345 is divided by 10.
5
What is the remainder when 80 is divided by 44?
36
What is the remainder when 744 is divided by 51?
30
What is the remainder when 2601 is divided by 1291?
19
What is the remainder when 2738 is divided by 10?
8
What is the remainder when 1167 is divided by 195?
192
What is the remainder when 19705 is divided by 6567?
4
Calculate the remainder when 403 is divided by 15.
13
What is the remainder when 213 is divided by 67?
12
What is the remainder when 593 is divided by 27?
26
Calculate the remainder when 98 is divided by 86.
12
What is the remainder when 4914 is divided by 982?
4
Calculate the remainder when 292 is divided by 57.
7
What is the remainder when 2650 is divided by 13?
11
What is the remainder when 271 is divided by 271?
0
What is the remainder when 234 is divided by 27?
18
Calculate the remainder when 391 is divided by 126.
13
Calculate the remainder when 55 is divided by 16.
7
Calculate the remainder when 1130 is divided by 21.
17
What is the remainder when 388 is divided by 22?
14
What is the remainder when 192 is divided by 16?
0
Calculate the remainder when 1902 is divided by 14.
12
What is the remainder when 1256 is divided by 35?
31
What is the remainder when 966 is divided by 85?
31
What is the remainder when 218 is divided by 29?
15
Calculate the remainder when 139 is divided by 45.
4
What is the remainder when 43 is divided by 4?
3
Calculate the remainder when 190 is divided by 48.
46
What is the remainder when 119 is divided by 42?
35
Calculate the remainder when 277 is divided by 20.
17
Calculate the remainder when 288 is divided by 25.
13
Calculate the remainder when 191 is divided by 17.
4
Calculate the remainder when 981 is divided by 485.
11
Calculate the remainder when 276 is divided by 80.
36
Calculate the remainder when 150 is divided by 9.
6
Calculate the remainder when 367 is divided by 90.
7
Calculate the remainder when 2192 is divided by 13.
8
Calculate the remainder when 31751 is divided by 42.
41
What is the remainder when 1048 is divided by 39?
34
Calculate the remainder when 59 is divided by 5.
4
What is the remainder when 452 is divided by 62?
18
Calculate the remainder when 108 is divided by 20.
8
What is the remainder when 132 is divided by 3?
0
What is the remainder when 2050 is divided by 136?
10
Calculate the remainder when 777 is divided by 256.
9
Calculate the remainder when 50 is divided by 46.
4
Calculate the remainder when 1232 is divided by 210.
182
Calculate the remainder when 1638 is divided by 40.
38
What is the remainder when 929 is divided by 49?
47
Calculate the remainder when 213 is divided by 19.
4
What is the remainder when 1022 is divided by 104?
86
Calculate the remainder when 7390 is divided by 11.
9
Calculate the remainder when 606 is divided by 29.
26
What is the remainder when 150 is divided by 22?
18
Calculate the remainder when 202 is divided by 5.
2
What is the remainder when 13549 is divided by 8?
5
What is the remainder when 585 is divided by 28?
25
What is the remainder when 301 is divided by 57?
16
What is the remainder when 413 is divided by 184?
45
What is the remainder when 244 is divided by 81?
1
What is the remainder when 403 is divided by 27?
25
What is the remainder when 272 is divided by 69?
65
Calculate the remainder when 723 is divided by 14.
9
What is the remainder when 456 is divided by 66?
60
What is the remainder when 628 is divided by 6?
4
What is the remainder when 2885 is divided by 207?
194
Calculate the remainder when 566 is divided by 19.
15
What is the remainder when 405 is divided by 82?
77
What is the remainder when 26460 is divided by 101?
99
What is the remainder when 105 is divided by 29?
18
Calculate the remainder when 1021 is divided by 128.
125
Calculate the remainder when 252 is divided by 64.
60
What is the remainder when 205 is divided by 13?
10
Calculate the remainder when 113 is divided by 30.
23
What is the remainder when 9077 is divided by 5?
2
What is the remainder when 468 is divided by 67?
66
What is the remainder when 988 is divided by 55?
53
What is the remainder when 125 is divided by 77?
48
What is the remainder when 68 is divided by 23?
22
What is the remainder when 238 is divided by 128?
110
What is the remainder when 492 is divided by 107?
64
Calculate the remainder when 5528 is divided by 120.
8
Calculate the remainder when 276 is divided by 266.
10
What is the remainder when 294 is divided by 27?
24
What is the remainder when 1486 is divided by 299?
290
Calculate the remainder when 154 is divided by 63.
28
What is the remainder when 204 is divided by 197?
7
Calculate the remainder when 3001 is divided by 18.
13
Calculate the remainder when 2524 is divided by 503.
9
Calculate the remainder when 1834 is divided by 51.
49
What is the remainder when 680 is divided by 57?
53
What is the remainder when 16637 is divided by 26?
23
Calculate the remainder when 56 is divided by 2.
0
What is the remainder when 3016 is divided by 374?
24
What is the remainder when 409 is divided by 86?
65
Calculate the remainder when 1915 is divided by 26.
17
What is the remainder when 6759 is divided by 19?
14
What is the remainder when 577 is divided by 31?
19
Calculate the remainder when 1607 is divided by 1592.
15
What is the remainder when 105 is divided by 38?
29
What is the remainder when 348 is divided by 16?
12
What is the remainder when 81 is divided by 34?
13
Calculate the remainder when 2291 is divided by 23.
14
What is the remainder when 69 is divided by 28?
13
Calculate the remainder when 18411 is divided by 27.
24
Calculate the remainder when 1879 is divided by 9.
7
What is the remainder when 760 is divided by 6?
4
Calculate the remainder when 12612 is divided by 38.
34
What is the remainder when 57 is divided by 4?
1
What is the remainder when 206 is divided by 54?
44
What is the remainder when 1083 is divided by 231?
159
What is the remainder when 51 is divided by 49?
2
What is the remainder when 1045 is divided by 17?
8
Calculate the remainder when 2461 is divided by 310.
291
Calculate the remainder when 305 is divided by 17.
16
Calculate the remai